{"id":92,"date":"2015-01-29T12:48:04","date_gmt":"2015-01-29T11:48:04","guid":{"rendered":"http:\/\/new.elce.se\/?page_id=92"},"modified":"2015-01-30T15:11:20","modified_gmt":"2015-01-30T14:11:20","slug":"webbhotell","status":"publish","type":"page","link":"http:\/\/new.elce.se\/?page_id=92","title":{"rendered":"Webbhotell"},"content":{"rendered":"<p><strong>Webbhotell<\/strong><\/p>\n<p>Ett webbhotell \u00e4r en tj\u00e4nst som m\u00f6jligg\u00f6r att du kan publicera en hemsida p\u00e5 internet och anv\u00e4nda e-post, utan att ha en egen server. En dator som k\u00f6r en webbserverprogramvara kallas f\u00f6r en webbserver. Alla webbsidor man kan hitta p\u00e5 webben h\u00e4mtas fr\u00e5n en eller flera s\u00e5dana webbserverdatorer.<\/p>\n<p>Ett webbhotell har en internetansluten dator \u2013 en webbserver \u2013 d\u00e4r flera anv\u00e4ndare kan l\u00e4gga upp sina hemsidor\/webbplatser.<\/p>\n","protected":false},"excerpt":{"rendered":"<p>Webbhotell Ett webbhotell \u00e4r en tj\u00e4nst som m\u00f6jligg\u00f6r att du kan publicera en hemsida p\u00e5 internet och anv\u00e4nda e-post, utan att ha en egen server. En dator som k\u00f6r en webbserverprogramvara kallas f\u00f6r en webbserver. Alla webbsidor man kan hitta p\u00e5 webben h\u00e4mtas fr\u00e5n en eller flera s\u00e5dana webbserverdatorer. Ett webbhotell har en internetansluten dator [&hellip;]<\/p>\n","protected":false},"author":1,"featured_media":0,"parent":86,"menu_order":0,"comment_status":"closed","ping_status":"open","template":"","meta":{"footnotes":""},"class_list":["post-92","page","type-page","status-publish","hentry"],"_links":{"self":[{"href":"http:\/\/new.elce.se\/index.php?rest_route=\/wp\/v2\/pages\/92","targetHints":{"allow":["GET"]}}],"collection":[{"href":"http:\/\/new.elce.se\/index.php?rest_route=\/wp\/v2\/pages"}],"about":[{"href":"http:\/\/new.elce.se\/index.php?rest_route=\/wp\/v2\/types\/page"}],"author":[{"embeddable":true,"href":"http:\/\/new.elce.se\/index.php?rest_route=\/wp\/v2\/users\/1"}],"replies":[{"embeddable":true,"href":"http:\/\/new.elce.se\/index.php?rest_route=%2Fwp%2Fv2%2Fcomments&post=92"}],"version-history":[{"count":2,"href":"http:\/\/new.elce.se\/index.php?rest_route=\/wp\/v2\/pages\/92\/revisions"}],"predecessor-version":[{"id":384,"href":"http:\/\/new.elce.se\/index.php?rest_route=\/wp\/v2\/pages\/92\/revisions\/384"}],"up":[{"embeddable":true,"href":"http:\/\/new.elce.se\/index.php?rest_route=\/wp\/v2\/pages\/86"}],"wp:attachment":[{"href":"http:\/\/new.elce.se\/index.php?rest_route=%2Fwp%2Fv2%2Fmedia&parent=92"}],"curies":[{"name":"wp","href":"https:\/\/api.w.org\/{rel}","templated":true}]}}